{"id":416,"date":"2017-10-01T19:06:53","date_gmt":"2017-10-01T22:06:53","guid":{"rendered":"http:\/\/www.cs360.com.ar\/inicio\/?page_id=416"},"modified":"2017-10-01T19:06:53","modified_gmt":"2017-10-01T22:06:53","slug":"reglas-buenas-practicas","status":"publish","type":"page","link":"https:\/\/www.cs360.com.ar\/inicio\/reglas-buenas-practicas\/","title":{"rendered":"Reglas de buenas pr\u00e1cticas"},"content":{"rendered":"<p>Todos los contenidos son bienvenidos en el sitio y no est\u00e1 en nuestro esp\u00edritu el af\u00e1n de censurar a nadie. Pero para que se mantenga el esp\u00edritu de la plataforma tenemos que aclarar lo siguiente:<\/p>\n<p>No se permitir\u00e1n notas con:<\/p>\n<ul>\n<li>Contenido netamente publicitario<\/li>\n<li>Lenguaje procaz<\/li>\n<li>Datos malintencionados o enga\u00f1osos<\/li>\n<li>Posturas discriminatorias<\/li>\n<\/ul>\n<p>Ante la detecci\u00f3n de este tipo de malos usos, autom\u00e1ticamente se dar\u00e1 de baja a la publicaci\u00f3n y se suspender\u00e1 la cuenta del usuario responsable, hasta que el mismo se contacte con nosotros v\u00eda: <strong><a href=\"mailto:hola@cs360.com.ar\">hola@cs360.com.ar<\/a><\/strong> dando las explicaciones del caso.<\/p>\n","protected":false},"excerpt":{"rendered":"<p>Todos los contenidos son bienvenidos en el sitio y no est\u00e1 en nuestro esp\u00edritu el af\u00e1n de censurar a nadie. Pero para que se mantenga el esp\u00edritu de la plataforma tenemos que aclarar lo siguiente: No se permitir\u00e1n notas con: Contenido netamente publicitario Lenguaje procaz Datos malintencionados o enga\u00f1osos Posturas discriminatorias Ante la detecci\u00f3n de [&hellip;]<\/p>\n","protected":false},"author":1,"featured_media":417,"parent":0,"menu_order":0,"comment_status":"closed","ping_status":"closed","template":"","meta":{"_acf_changed":false,"_monsterinsights_skip_tracking":false,"_monsterinsights_sitenote_active":false,"_monsterinsights_sitenote_note":"","_monsterinsights_sitenote_category":0,"footnotes":""},"class_list":["post-416","page","type-page","status-publish","has-post-thumbnail","hentry"],"acf":[],"_links":{"self":[{"href":"https:\/\/www.cs360.com.ar\/inicio\/wp-json\/wp\/v2\/pages\/416","targetHints":{"allow":["GET"]}}],"collection":[{"href":"https:\/\/www.cs360.com.ar\/inicio\/wp-json\/wp\/v2\/pages"}],"about":[{"href":"https:\/\/www.cs360.com.ar\/inicio\/wp-json\/wp\/v2\/types\/page"}],"author":[{"embeddable":true,"href":"https:\/\/www.cs360.com.ar\/inicio\/wp-json\/wp\/v2\/users\/1"}],"replies":[{"embeddable":true,"href":"https:\/\/www.cs360.com.ar\/inicio\/wp-json\/wp\/v2\/comments?post=416"}],"version-history":[{"count":1,"href":"https:\/\/www.cs360.com.ar\/inicio\/wp-json\/wp\/v2\/pages\/416\/revisions"}],"predecessor-version":[{"id":418,"href":"https:\/\/www.cs360.com.ar\/inicio\/wp-json\/wp\/v2\/pages\/416\/revisions\/418"}],"wp:featuredmedia":[{"embeddable":true,"href":"https:\/\/www.cs360.com.ar\/inicio\/wp-json\/wp\/v2\/media\/417"}],"wp:attachment":[{"href":"https:\/\/www.cs360.com.ar\/inicio\/wp-json\/wp\/v2\/media?parent=416"}],"curies":[{"name":"wp","href":"https:\/\/api.w.org\/{rel}","templated":true}]}}